{"id":160,"date":"2026-04-13T10:46:57","date_gmt":"2026-04-13T13:46:57","guid":{"rendered":"https:\/\/luminaseva.com\/?page_id=160"},"modified":"2026-04-13T23:37:08","modified_gmt":"2026-04-14T02:37:08","slug":"sesion-individual-de-registros-akashicos","status":"publish","type":"page","link":"https:\/\/luminaseva.com\/index.php\/sesion-individual-de-registros-akashicos\/","title":{"rendered":"Sesi\u00f3n Individual de Registros Ak\u00e1shicos"},"content":{"rendered":"\t\t<div data-elementor-type=\"wp-page\" data-elementor-id=\"160\" class=\"elementor elementor-160\">\n\t\t\t\t<div class=\"elementor-element elementor-element-0ac3a99 e-flex e-con-boxed e-con e-parent\" data-id=\"0ac3a99\" data-element_type=\"container\" data-e-type=\"container\" data-settings=\"{&quot;background_background&quot;:&quot;gradient&quot;}\">\n\t\t\t\t\t<div class=\"e-con-inner\">\n\t\t<div class=\"elementor-element elementor-element-48da3ab e-con-full e-flex e-con e-child\" data-id=\"48da3ab\" data-element_type=\"container\" data-e-type=\"container\">\n\t\t\t\t\t\t\t\n\t\t<img class=\"e-image-base e-c6b8a48-e992954\" \n\t\t\t\t\tdata-interaction-id=\"c6b8a48\" \n\t\t \n\t\t \n\t\t\t\t\t\t\t\t\tid=\"218\"\n\t\t\t\t\t\t\t\t\t\t\t\tsrc=\"https:\/\/luminaseva.com\/wp-content\/uploads\/2026\/04\/IMG_2623.jpeg\"\n\t\t\t\t\t\t\t\t\t\t\t\twidth=\"1080\"\n\t\t\t\t\t\t\t\t\t\t\t\theight=\"2160\"\n\t\t\t\t\t\t\t\t\t\t\t\tsrcset=\"https:\/\/luminaseva.com\/wp-content\/uploads\/2026\/04\/IMG_2623.jpeg 1080w, https:\/\/luminaseva.com\/wp-content\/uploads\/2026\/04\/IMG_2623-600x1200.jpeg 600w, https:\/\/luminaseva.com\/wp-content\/uploads\/2026\/04\/IMG_2623-150x300.jpeg 150w, https:\/\/luminaseva.com\/wp-content\/uploads\/2026\/04\/IMG_2623-512x1024.jpeg 512w, https:\/\/luminaseva.com\/wp-content\/uploads\/2026\/04\/IMG_2623-768x1536.jpeg 768w, https:\/\/luminaseva.com\/wp-content\/uploads\/2026\/04\/IMG_2623-1024x2048.jpeg 1024w\"\n\t\t\t\t\t\t\t\t\t\t\t\talt=\"\"\n\t\t\t\t\t\t\/>\n\t\t\t\t\t<\/div>\n\t\t<div class=\"elementor-element elementor-element-9886006 e-con-full e-flex e-con e-child\" data-id=\"9886006\" data-element_type=\"container\" data-e-type=\"container\">\n\t\t\t\t\t\t\t<h2 \n\t\tdata-interaction-id=\"27731f7\" \n\t\tclass=\"e-heading-base\" \n\t\t \n\t\t\n\t>\n\t\n\t\t\tSesi\u00f3n Individual de Registros Ak\u00e1shicos\n\t\t<\/h2>\n\t\t\t\t\t\t\t\t<p class=\"e-paragraph-base\" data-interaction-id=\"4b28724\"  >\n\t\t\t\t\t\t\t\t Modalidad online (Zoom)<br> Duraci\u00f3n: 1 hora y media\n\t\t\t\t\t<\/p>\n\t\t\t\t<div class=\"elementor-element elementor-element-cffdd6a elementor-widget elementor-widget-shortcode\" data-id=\"cffdd6a\" data-element_type=\"widget\" data-e-type=\"widget\" data-widget_type=\"shortcode.default\">\n\t\t\t\t\t\t\t<div class=\"elementor-shortcode\"><p class=\"product woocommerce add_to_cart_inline \" style=\"border:4px solid #ccc; padding: 12px;\"><span class=\"woocommerce-Price-amount amount\"><bdi><span class=\"woocommerce-Price-currencySymbol\">&#36;<\/span>45.00<\/bdi><\/span><a href=\"\/index.php\/wp-json\/wp\/v2\/pages\/160?add-to-cart=121\" aria-describedby=\"woocommerce_loop_add_to_cart_link_describedby_121\" data-quantity=\"1\" class=\"button wp-element-button product_type_simple add_to_cart_button ajax_add_to_cart\" data-product_id=\"121\" data-product_sku=\"\" aria-label=\"Add to cart: &ldquo;Sesi\u00f3n Individual de Registros Ak\u00e1shicos&rdquo;\" rel=\"nofollow\" data-success_message=\"&ldquo;Sesi\u00f3n Individual de Registros Ak\u00e1shicos&rdquo; se agreg\u00f3 al carrito\" role=\"button\">Agregar al carrito<\/a>\t<span id=\"woocommerce_loop_add_to_cart_link_describedby_121\" class=\"screen-reader-text\">\n\t\t\t<\/span>\n<\/p><\/div>\n\t\t\t\t\t\t<\/div>\n\t\t\t\t<\/div>\n\t\t\t\t\t<\/div>\n\t\t\t\t<\/div>\n\t\t<div class=\"elementor-element elementor-element-511432b e-flex e-con-boxed e-con e-parent\" data-id=\"511432b\" data-element_type=\"container\" data-e-type=\"container\" data-settings=\"{&quot;background_background&quot;:&quot;gradient&quot;}\">\n\t\t\t\t\t<div class=\"e-con-inner\">\n\t\t\t\t<div class=\"elementor-element elementor-element-b707749 elementor-widget elementor-widget-text-editor\" data-id=\"b707749\" data-element_type=\"widget\" data-e-type=\"widget\" data-widget_type=\"text-editor.default\">\n\t\t\t\t\t\t\t\t\t<p>Es un espacio de conexi\u00f3n, gu\u00eda y sanaci\u00f3n donde accedemos a la informaci\u00f3n de tu alma para comprender en profundidad lo que est\u00e1s viviendo hoy.<\/p><p><strong>Cualquier duda o pregunta escrib\u00ed a este link\u00a0<\/strong><img decoding=\"async\" class=\"emoji\" role=\"img\" draggable=\"false\" src=\"https:\/\/s.w.org\/images\/core\/emoji\/17.0.2\/svg\/1f449-1f3fc.svg\" alt=\"\ud83d\udc49\ud83c\udffc\" \/><a href=\"https:\/\/wa.me\/message\/IGAGMAPEGT2FO1\">Lauraluminaseva<\/a><\/p>\t\t\t\t\t\t\t\t<\/div>\n\t\t\t\t<div class=\"elementor-element elementor-element-aefe664 elementor-widget elementor-widget-n-accordion\" data-id=\"aefe664\" data-element_type=\"widget\" data-e-type=\"widget\" data-settings=\"{&quot;default_state&quot;:&quot;expanded&quot;,&quot;max_items_expended&quot;:&quot;one&quot;,&quot;n_accordion_animation_duration&quot;:{&quot;unit&quot;:&quot;ms&quot;,&quot;size&quot;:400,&quot;sizes&quot;:[]}}\" data-widget_type=\"nested-accordion.default\">\n\t\t\t\t\t\t\t<div class=\"e-n-accordion\" aria-label=\"Accordion. Open links with Enter or Space, close with Escape, and navigate with Arrow Keys\">\n\t\t\t\t\t\t<details id=\"e-n-accordion-item-1830\" class=\"e-n-accordion-item\" open>\n\t\t\t\t<summary class=\"e-n-accordion-item-title\" data-accordion-index=\"1\" tabindex=\"0\" aria-expanded=\"true\" aria-controls=\"e-n-accordion-item-1830\" >\n\t\t\t\t\t<span class='e-n-accordion-item-title-header'><div class=\"e-n-accordion-item-title-text\"> \u00bfEn qu\u00e9 consiste una sesi\u00f3n de Registros Ak\u00e1shicos? <\/div><\/span>\n\t\t\t\t\t\t\t<span class='e-n-accordion-item-title-icon'>\n\t\t\t<span class='e-opened' ><svg aria-hidden=\"true\" class=\"e-font-icon-svg e-fas-minus\" viewBox=\"0 0 448 512\" xmlns=\"http:\/\/www.w3.org\/2000\/svg\"><path d=\"M416 208H32c-17.67 0-32 14.33-32 32v32c0 17.67 14.33 32 32 32h384c17.67 0 32-14.33 32-32v-32c0-17.67-14.33-32-32-32z\"><\/path><\/svg><\/span>\n\t\t\t<span class='e-closed'><svg aria-hidden=\"true\" class=\"e-font-icon-svg e-fas-plus\" viewBox=\"0 0 448 512\" xmlns=\"http:\/\/www.w3.org\/2000\/svg\"><path d=\"M416 208H272V64c0-17.67-14.33-32-32-32h-32c-17.67 0-32 14.33-32 32v144H32c-17.67 0-32 14.33-32 32v32c0 17.67 14.33 32 32 32h144v144c0 17.67 14.33 32 32 32h32c17.67 0 32-14.33 32-32V304h144c17.67 0 32-14.33 32-32v-32c0-17.67-14.33-32-32-32z\"><\/path><\/svg><\/span>\n\t\t<\/span>\n\n\t\t\t\t\t\t<\/summary>\n\t\t\t\t<div role=\"region\" aria-labelledby=\"e-n-accordion-item-1830\" class=\"elementor-element elementor-element-a695ced e-con-full e-flex e-con e-child\" data-id=\"a695ced\" data-element_type=\"container\" data-e-type=\"container\" data-settings=\"{&quot;background_background&quot;:&quot;classic&quot;}\">\n\t\t\t\t\t\t\t\t<p class=\"e-paragraph-base\" data-interaction-id=\"5f58d36\"  >\n\t\t\t\t\t\t\t\t<br>Es un espacio de conexi\u00f3n, gu\u00eda y sanaci\u00f3n donde accedemos a la informaci\u00f3n de tu alma para comprender en profundidad lo que est\u00e1s viviendo hoy.<br><br>&nbsp;&nbsp;Se trata de una sesi\u00f3n en vivo, personalizada, de una hora y media conmigo, realizada por Zoom, donde te acompa\u00f1o de manera cercana y consciente en tu proceso.&nbsp;<br><br>&nbsp;&nbsp;A trav\u00e9s de los Registros Ak\u00e1shicos, se abre un campo donde no solo recib\u00eds claridad sobre tu camino, sino que tambi\u00e9n se movilizan procesos de liberaci\u00f3n emocional y comprensi\u00f3n de tu prop\u00f3sito.&nbsp;&nbsp;<br><br>&nbsp;Durante la sesi\u00f3n, trabajamos sobre bloqueos, emociones y situaciones que hoy pueden estar generando confusi\u00f3n, estancamiento o malestar\u2026&nbsp;Muchas veces, esto se manifiesta en patrones que se repiten en tu vida (en v\u00ednculos, trabajo, decisiones), y que no siempre logramos entender desde lo consciente.&nbsp;&nbsp;&nbsp;<br><br>En este espacio, esos patrones pueden ser vistos desde otro lugar, comprendidos en profundidad y comenzados a transformar.&nbsp;&nbsp;&nbsp;Tambi\u00e9n se manifiestan aspectos relacionados con tu misi\u00f3n de vida, tus talentos y los ciclos que est\u00e1s transitando, ayud\u00e1ndote a tomar decisiones m\u00e1s alineadas con quien realmente sos.&nbsp;&nbsp;&nbsp;\u2e3b&nbsp;&nbsp;&nbsp;<br><br> No es solo una lectura\u2026&nbsp;Es una experiencia de sanaci\u00f3n y reconexi\u00f3n con tu esencia.&nbsp;&nbsp;&nbsp;Es un momento para frenar, escucharte y abrirte a recibir la gu\u00eda que tu alma tiene para vos.&nbsp;&nbsp;&nbsp;<br><br><br>\u2e3b&nbsp;&nbsp;&nbsp;Si sent\u00eds que est\u00e1s en un momento de cambio, b\u00fasqueda o necesidad de claridad\u2026&nbsp;este espacio puede acompa\u00f1arte.&nbsp;&nbsp;&nbsp; Estoy para guiarte en este proceso.&nbsp;\n\t\t\t\t\t<\/p>\n\t\t\t\t<\/div>\n\t\t\t\t\t<\/details>\n\t\t\t\t\t<\/div>\n\t\t\t\t\t\t<\/div>\n\t\t\t\t\t<\/div>\n\t\t\t\t<\/div>\n\t\t\t\t<\/div>\n\t\t","protected":false},"excerpt":{"rendered":"<p>Sesi\u00f3n Individual de Registros Ak\u00e1shicos Modalidad online (Zoom) Duraci\u00f3n: 1 hora y media Es un espacio de conexi\u00f3n, gu\u00eda y sanaci\u00f3n donde accedemos a la informaci\u00f3n de tu alma para comprender en profundidad lo que est\u00e1s viviendo hoy. Cualquier duda o pregunta escrib\u00ed a este link\u00a0Lauraluminaseva \u00bfEn qu\u00e9 consiste una sesi\u00f3n de Registros Ak\u00e1shicos? Es [&hellip;]<\/p>\n","protected":false},"author":1,"featured_media":0,"parent":0,"menu_order":0,"comment_status":"closed","ping_status":"closed","template":"elementor_header_footer","meta":{"_eb_attr":"","footnotes":""},"class_list":["post-160","page","type-page","status-publish","hentry"],"_hostinger_reach_plugin_has_subscription_block":false,"_hostinger_reach_plugin_is_elementor":false,"_links":{"self":[{"href":"https:\/\/luminaseva.com\/index.php\/wp-json\/wp\/v2\/pages\/160","targetHints":{"allow":["GET"]}}],"collection":[{"href":"https:\/\/luminaseva.com\/index.php\/wp-json\/wp\/v2\/pages"}],"about":[{"href":"https:\/\/luminaseva.com\/index.php\/wp-json\/wp\/v2\/types\/page"}],"author":[{"embeddable":true,"href":"https:\/\/luminaseva.com\/index.php\/wp-json\/wp\/v2\/users\/1"}],"replies":[{"embeddable":true,"href":"https:\/\/luminaseva.com\/index.php\/wp-json\/wp\/v2\/comments?post=160"}],"version-history":[{"count":10,"href":"https:\/\/luminaseva.com\/index.php\/wp-json\/wp\/v2\/pages\/160\/revisions"}],"predecessor-version":[{"id":224,"href":"https:\/\/luminaseva.com\/index.php\/wp-json\/wp\/v2\/pages\/160\/revisions\/224"}],"wp:attachment":[{"href":"https:\/\/luminaseva.com\/index.php\/wp-json\/wp\/v2\/media?parent=160"}],"curies":[{"name":"wp","href":"https:\/\/api.w.org\/{rel}","templated":true}]}}